
127
Let q(a) = -45*a**2 + 3608*a - 23580. Calculate q(73).
-1
Let b(y) = -15*y**3 - y**2 - 77*y - 5. Determine b(0).
-5
Let q(h) = h**3 - 146*h**2 + 382*h + 116595. Calculate q(137).
8
Let u(h) = -610*h - 182504. Determine u(-299).
-114
Let d(f) = 703*f - 5673. Calculate d(9).
654
Let y(n) = 2*n**3 + 94*n**2 + 941*n + 20. Give y(-15).
305
Let r(c) = -1177*c + 53626. What is r(45)?
661
Let r(f) = -f**3 - 12*f**2 - 774*f - 11191. Give r(-14).
37
Let k(h) = -h**3 - 25*h**2 + 113*h + 2593. Calculate k(-25).
-232
Let y(v) = -v**3 - 46*v**2 + 72*v - 614. What is y(-49)?
3061
Let s(x) = -x**2 - 3449*x + 27681. Determine s(8).
25
Let b(u) = -4*u**3 + 3*u**2 + 36. Determine b(-7).
1555
Let c(r) = -r**3 + 374*r**2 + 2860*r + 3485. Determine c(-6).
5
Let k(p) = 1749*p + 178324. Determine k(-102).
-74
Let u(c) = 4*c**3 + 31*c**2 - 8*c + 322. What is u(-9)?
-11
Let n(v) = 19*v**3 - 9*v**2 + 131*v - 122. What is n(1)?
19
Let s(r) = -10159*r - 40640. Give s(-4).
-4
Let u(c) = -14422*c**2 - 71976*c - 11. Calculate u(-5).
-681
Let u(x) = -52*x**3 + 15*x**2 - 67*x + 60. Give u(1).
-44
Let h(a) = a**3 - 306*a**2 + 3107*a - 43503. Give h(296).
9
Let t(v) = v**3 + 31*v**2 + 108*v + 137. Calculate t(-27).
137
Let s(h) = -15474*h + 6034854. Calculate s(390).
-6
Let w(u) = -430*u + 9489. Calculate w(19).
1319
Let b(i) = 2*i**3 + 54*i**2 - 65*i - 118. Determine b(-28).
134
Let r(g) = -3159*g + 88610. Determine r(28).
158
Let y(d) = -166*d**2 + 1070*d - 4257. Determine y(4).
-2633
Let j(n) = 1999*n - 5334. What is j(3)?
663
Let m(k) = 369*k**2 - 5*k - 13. Give m(2).
1453
Let h(s) = -s**3 - 2911*s**2 - 77866*s + 55. Calculate h(-27).
1
Let i(g) = -g**3 + 110*g**2 - 2201*g + 151. Calculate i(26).
-291
Let t(h) = -4*h**3 + 247*h**2 - 179*h - 667. Give t(61).
-423
Let d(p) = p**3 + 71*p**2 - 57*p - 612. Give d(-72).
-1692
Let x(t) = t**3 - 32*t**2 + 72*t - 101. Determine x(30).
259
Let v(h) = 464*h**2 - 2828*h + 279. Give v(6).
15
Let z(a) = -a**3 - 103*a**2 - 1700*a - 3059. Determine z(-18).
1
Let i(q) = 2*q**2 - 6650*q + 119057. Calculate i(18).
5
Let j(i) = -70*i**2 - 1108*i - 2647. What is j(-13)?
-73
Let b(x) = 201*x + 1925. Give b(-20).
-2095
Let b(l) = 6*l**2 + 140*l + 45. What is b(-16)?
-659
Let m(s) = -437*s - 42514. Calculate m(-97).
-125
Let c(g) = -g**3 - 35*g**2 + 408*g + 16857. Calculate c(-27).
9
Let i(r) = -7*r**2 + 13453*r + 26905. Give i(-2).
-29
Let c(n) = -24898*n + 647338. Give c(26).
-10
Let w(v) = v**3 + 1241*v**2 - 6293*v + 291. Determine w(5).
-24
Let r(l) = 31902*l + 510312. Give r(-16).
-120
Let b(o) = 13287*o - 91717. Determine b(7).
1292
Let a(s) = -5*s**3 - 369*s**2 + 22748*s + 486. Calculate a(40).
6
Let t(p) = -p**3 - 117*p**2 - 1485*p + 13230. Calculate t(-101).
-1
Let o(z) = -9639*z + 8. Calculate o(0).
8
Let o(q) = q**3 - 98*q**2 + 152*q - 14805. Give o(98).
91
Let b(r) = -8843*r + 291820. Determine b(33).
1
Let z(v) = -v**2 - 3858*v + 322816. Calculate z(82).
-264
Let g(n) = 19058*n - 514578. Give g(27).
-12
Let s(p) = -22*p**2 + 6149*p + 9300. Determine s(281).
27
Let q(l) = 4*l**3 - 69*l**2 + 303*l - 51. Calculate q(8).
5
Let h(r) = -204*r**2 - 1085*r + 1088. Give h(1).
-201
Let q(d) = 23354*d + 934164. Give q(-40).
4
Let i(u) = 119419*u - 2. Determine i(0).
-2
Let j(o) = 287053*o + 2583481. Calculate j(-9).
4
Let s(z) = -10143*z - 344817. What is s(-34)?
45
Let s(n) = 9*n**2 + 31314*n - 188263. What is s(6)?
-55
Let v(i) = i**2 + 1847*i - 1848. Give v(1).
0
Let p(j) = 569*j**3 - 4552*j**2 - 14*j + 111. Determine p(8).
-1
Let l(q) = -15104*q + 28516. Determine l(2).
-1692
Let t(c) = -10*c**2 + 307*c + 4750. What is t(42)?
4
Let p(r) = -3*r**3 + 64*r**2 + 127*r + 497. What is p(21)?
3605
Let o(w) = -4*w**3 + 66*w**2 - 92*w + 2218. What is o(17)?
76
Let a(v) = 7*v**3 + 255*v**2 - 706*v - 145. Determine a(-39).
11
Let q(d) = 4*d**3 + 19*d**2 + 96*d + 229. Give q(-3).
4
Let t(z) = -34782*z + 1043404. Determine t(30).
-56
Let q(k) = -759*k**2 + 293737*k - 1555. Give q(387).
-7
Let q(p) = 4*p**2 - 1245*p - 25096. Calculate q(-19).
3
Let w(a) = 9*a**2 + 714*a + 15. Calculate w(0).
15
Let c(o) = 2*o**2 - 643*o + 867. Give c(0).
867
Let f(p) = 38340*p + 34736046. What is f(-906)?
6
Let o(z) = -5*z**3 + 548*z**2 + 1795*z + 331. Calculate o(-3).
13
Let p(z) = -2*z**3 + 1019*z**2 + 6716*z - 4125. What is p(516)?
3
Let g(k) = -2716*k + 42050. Determine g(16).
-1406
Let z(t) = 2*t**3 + 238*t**2 - 9276*t - 738. Determine z(31).
6
Let w(l) = -l**3 - 23*l**2 + 281*l - 46. Calculate w(-32).
178
Let n(i) = 1423034*i + 29883709. What is n(-21)?
-5
Let n(m) = -69*m**2 - 1997*m - 6806. What is n(-25)?
-6
Let w(a) = -3*a**2 - 2492*a + 27790. Give w(11).
15
Let y(d) = 29*d**2 + 75*d + 112. What is y(-6)?
706
Let s(w) = 8872*w - 2200257. Calculate s(248).
-1
Let x(k) = -3*k**3 - 239*k**2 - 166*k - 697. Give x(-79).
-65
Let r(k) = -10124*k + 5203742. Determine r(514).
6
Let k(l) = 111339*l + 9018442. What is k(-81)?
-17
Let b(d) = 3*d**2 - 2421*d - 120412. Determine b(-47).
2
Let t(f) = -33*f**3 - f**2 + 9*f - 13. What is t(2)?
-263
Let w(a) = -2*a**3 + 120*a**2 - 244*a + 7374. Determine w(59).
-60
Let m(h) = -12318*h + 86212. Give m(7).
-14
Let z(v) = -4173*v - 1172594. What is z(-281)?
19
Let i(c) = 2*c**3 - 123*c - 31. What is i(-8)?
-71
Let t(u) = 2511*u + 1492. Calculate t(1).
4003
Let d(h) = -7*h**2 - 718*h - 10188. Calculate d(-17).
-5
Let p(i) = i**3 + 500*i**2 - 13127*i - 946. What is p(-525)?
104
Let b(m) = 242*m**2 + 5910*m + 7902. Give b(-23).
-10
Let w(g) = -5*g**3 + 18*g**2 - 1404*g + 4183. Determine w(3).
-2
Let h(p) = -6*p + 727. Calculate h(-54).
1051
Let k(v) = -638099*v + 1276196. Determine k(2).
-2
Let g(p) = -p**3 - 63*p**2 - 576*p - 33. Determine g(-11).
11
Let a(m) = -2539813*m - 20318512. What is a(-8)?
-8
Let z(r) = r**3 + 7*r**2 + 430*r + 3449. What is z(-8)?
-55
Let j(o) = 3*o**3 + 115*o**2 - 208*o - 265. Determine j(-40).
55
Let r(p) = -3796*p - 19186. Give r(-5).
-206
Let p(w) = -67*w**2 - 8002*w - 11315. Give p(-118).
13
Let d(j) = -2*j**2 - 177*j - 3897. Give d(-37).
-86
Let g(l) = l**2 - 215*l - 227065. Give g(596).
11
Let n(r) = -r**3 + 48*r**2 - 136*r + 2037. Calculate n(46).
13
Let x(i) = -i**2 - 7761*i - 209596. Determine x(-27).
-778
Let b(j) = -j**3 - 14*j**2 - 109*j + 235. Determine b(2).
-47
Let v(j) = 79640*j - 398294. What is v(5)?
-94
Let o(t) = 46*t**3 - 17*t**2 - 41*t - 2. Calculate o(-3).
-1274
Let j(y) = -2*y**3 + 400*y**2 + 3395*y - 13921. Give j(208).
15
Let z(c) = c**3 - 642*c**2 + 85614*c + 317. What is z(189)?
-250
Let y(d) = 2*d**3 - 16*d**2 - 667*d + 273. Give y(-15).
-72
Let c(k) = 10*k**3 + 47*k**2 + 80*k + 206. Calculate c(-4).
-2
Let g(v) = 920*v - 64395. What is g(70)?
5
Let a(y) = 112003*y + 111962. What is a(-1)?
-41
Let m(k) = -159*k + 53510. Give m(336).
86
Let c(i) = -15*i**2 - 552*i + 4348. What is c(8)?
-1028
Let o(y) = 255*y**2 - 57*y - 200. Calculate o(-2).
934
Let l(w) = -138*w + 281. Determine l(12).
-1375
Let r(p) = 4480*p + 44140. What is r(-9)?
3820
Let b(h) = h**2 + 961*h + 138750. What is b(-177)?
-18
Let h(r) = -741*r + 45391. Calculate h(61).
190
Let p(r) = 115*r**2 - 18051*r - 36108. What is p(-2)?
454
Let r(v) = 5*v**3 + 200*v**2 + 187*v - 26. Determine r(-39).
286
Let c(r) = -51*r - 7554. What is c(-148)?
-6
Let r(m) = -1977*m**2 + 21817*m + 71. What is r(11)?
841
Let r(n) = -23*n**2 - 71*n + 17. Calculate r(2).
-217
Let k(p) = -24208*p + 242090. Calculate k(10).
10
Let m(r) = 201*r - 8188. Determine m(40).
-148
Let a(g) = 3*g**2 + 186*g + 2735. Give a(-39).
44
Let n(g) = -2*g**2 + 29874*g - 119473. What is n(4)?
-9
Let c(p) = -23265*p + 953863. Calculate c(41).
-2
Let m(o) = 4273*o + 799062. Determine m(-187).
11
Let x(n) = 204239*n + 816954. Give x(-4).
-2
Let t(y) = -2*y**2 + 2153*y - 63260. Determine t(30).
-470
Let g(k) = 15*k**3 - 633*k**2 + 1319*k + 66. Calculate g(40).
26
Let h(i) = -355*i**2 - 486*i - 5. Give h(-1).
126
Let l(n) = -2*n**3 + 7*n**2 + 19*n - 117. Give l(5).
-97
Let d(r) = -44*r**2 - 3436*r - 140. Calculate d(-78).
172
Let k(i) = -14454*i + 303540. Calculate k(21).
6
Let k(c) = 2566*c + 7706. What is k(-3)?
8
Let x(r) = -4587*r**2 + 27523*r + 29. Determine x(6).
35
Let y(k) = 448072*k + 896136. Determine y(-2).
-8
Let w(p) = p**3 - 64*p**2 - 177*p + 113